, 3*g - 5*w = -19. Let l(h) = -4*h - 2547 - h**g + 0*h + 2552. Give l(-4).
5
Let h be (0 + 1)/((-6)/(-42)). Let n(z) = 8*z**3 - 2*z - h*z**3 + 7*z + 7*z**2. What is n(-6)?
6
Let s be (3 - 0/(-1))*1. Suppose -s + 1 = -o. Let i(c) = c + 4*c + o*c. What is i(1)?
7
Let l(j) = -34 - 7 + 28*j + 8 + j**2 - 33*j. What is l(9)?
3
Let s(l) be the third derivative of l**4/8 - 5*l**3/3 + 2*l**2 - 95. Give s(9).
17
Let i be (-15 - (-798)/70) + (-4)/10. Let c be (-2)/(-2*1/3). Let o(x) = -x + x + 2*x + c. What is o(i)?
-5
Let y(d) = 8*d - 6 - 3*d - 1 + d**2. Let v(j) = -7*j**2 + 9. Let c(a) = -6*a**2 + 8. Let i(z) = 6*c(z) - 5*v(z). Let b be i(3). Give y(b).
-1
Let x(g) = 11*g - 17. Let d(u) = 183*u - 273. Let a(t) = 2*d(t) - 33*x(t). Determine a(8).
39
Suppose -3*b + 5 = -1. Let a be (-16)/b*1/(-2). Suppose 0 = 4*v - 0 - a. Let z(i) = -8*i. Determine z(v).
-8
Let o(t) = 3*t**2 - 10*t. Let s(i) = 7*i**2 - 21*i. Let x(d) = 5*o(d) - 2*s(d). Suppose 0 = 4*q + 3*h - 0*h - 35, -18 = -2*q - 2*h. Calculate x(q).
0
Let q = 9 + -26. Let x(o) = 7*o + 14. Let n(r) = 20*r + 41. Let m(y) = q*x(y) + 6*n(y). What is m(-6)?
2
Let p = 303 - 308. Let h(j) = 4*j + 1. Calculate h(p).
-19
Let f(r) = -r**3 - r**2 + r + 2. Let h be 27/(-18) + (-6)/(-4). Suppose 0 = 4*y, 5*z - 5*y + 7 + 3 = h. Give f(z).
4
Suppose -18 = 11*c - 2*c. Let r(n) be the third derivative of -n**7/1680 + n**6/720 + n**5/30 - n**2. Let i(g) be the third derivative of r(g). Give i(c).
7
Let h(c) = c**2 + 20*c + 101. Let i be h(-8). Let u(o) = -o**2 + 2*o + 3. Let q(j) = -3*j - 3*j + j**2 - 3 + 3*j. Let p(l) = 3*q(l) + 2*u(l). Determine p(i).
-3
Let b be (0 - 1/(-2))*-10. Let f(s) = -14 + 9 + 5*s + 12*s**2 - 11*s**2. What is f(b)?
-5
Let f(p) be the second derivative of 0 - 1/2*p**2 + 3*p - 4/3*p**3 - 1/12*p**4. Calculate f(-6).
11
Let u(b) = 2*b - 2. Let c(q) = 2 + 7 - 8 + q + 1. Let j be c(2). Determine u(j).
6
Let t(c) = 2*c - 1. Suppose 8*h = 7*h + 3. Suppose -a = -h*u - 10, u = 2*a - a. Let n be u*((-6)/15 - 0). Give t(n).
3
Let t(s) = -4*s - 2. Let h(p) be the third derivative of 0*p + 1/24*p**4 + 0 - 5*p**2 + 1/6*p**3. Let d(q) = -6*h(q) - t(q). Determine d(-6).
8
Let r(s) = s - 1. Let l be r(7). Let h(t) = 7*t + 5*t**2 - 13*t - 4 - l*t**2. Determine h(-3).
5
Suppose -5*w = 4*j - 60, -76*w = -77*w - 4*j + 12. Let a(p) = p**3 - 12*p**2 + 3. Determine a(w).
3
Let p = 50 + -51. Let u be p/((9/3)/(-9)) - 2. Let v(k) = -2*k**2 + 2*k - 1. What is v(u)?
-1
Suppose -2*r + 39 = -3*u - 0*u, 5*r - 4*u = 80. Let h be r/(-2)*(4 + -3). Let z(a) be the third derivative of -a**4/24 + 2*a**3/3 - a**2. Determine z(h).
10
Let y be (0 - 5/(-2))*(-6)/3. Suppose -6 = -15*v + 12*v. Let r(j) = -8*j - 2*j + 7 + 5*j - j**v. Give r(y).
7
Let h(x) = -5*x + 15*x + 8*x - 8*x. Let p be (8/40)/(6/(-30)). Give h(p).
-10
Let d(j) be the third derivative of j**6/120 - j**5/6 - j**4/24 + 3*j**3/2 - 301*j**2. What is d(10)?
-1
Let h = -6 + 8. Let f(g) = 5*g**3 - 4*g**2 + 9*g. Let l(q) = 4*q**3 - 4*q**2 + 7*q. Let k(s) = -2*f(s) + 3*l(s). What is k(h)?
6
Let i(j) be the third derivative of j**6/120 + j**5/10 - 7*j**4/24 - 2*j**3/3 + 2*j**2 - 20*j. Suppose -49*f + 46*f = 21. Calculate i(f).
-4
Let h(s) = -s**2 + 26*s + 27. Let y be h(-1). Let z(g) = g + 8. Calculate z(y).
8
Let j(d) = -137*d + 1. Let x(k) = 34*k. Let n(r) = -j(r) - 4*x(r). Let b(v) = -3*v. Let z be b(1). Give n(z).
-4
Let q(g) = -g**3 - 8*g**2 + 20*g + 3. Let x be (144/24)/(-2*(-6)/(-20)). Calculate q(x).
3
Let l(b) = -2*b - 11 - 2 + 19 - 8. Determine l(2).
-6
Let v = -71 - -76. Let h(f) = -f**2 + 4*f - 6. What is h(v)?
-11
Suppose 136*s - 3 = 133*s. Let q be ((-2*s)/(-6))/((-22)/264). Let b(j) = -j**3 - 4*j**2 - 3. Calculate b(q).
-3
Suppose -3*h = 4*z + 1, -3*z = -24*h + 26*h + 1. Let d(c) = -c**3 + 2*c**2 + 4*c + 2. Give d(z).
1
Let o(f) = 6 + 4*f - 3*f - 11 + 9. Calculate o(6).
10
Let s(h) = 0*h**2 - 6 + h**2 - 1. Suppose 333*n - 335*n = 0. Determine s(n).
-7
Let v(a) = -5*a + 0*a - 18*a**2 + 6*a**2 + 11*a**2 - 8 + 0*a. Determine v(-5).
-8
Let r(n) = -n**2 - 21*n + 32. Let o(c) = c**3 - 7*c**2 + 24*c - 131. Let f be o(6). Determine r(f).
-14
Let x(a) = 7*a - 2. Suppose -5 = 5*g - 5*o, -g - 4*o = -51 + 52. Give x(g).
-9
Let p(j) be the first derivative of -j**5/60 + j**4/8 - j**3/3 - 17*j**2/2 + 7. Let n(d) be the second derivative of p(d). Determine n(2).
0
Let t(n) = -12*n**2 - n. Let l be (-10 - (-5 - 9))/(-4). Give t(l).
-11
Let u(r) = 4*r + 20. Let a(k) = k + 7. Let w(g) = 7*a(g) - 2*u(g). Suppose -5*j = -0*j - 10. Let h be 0/(j/((-6)/3)). Calculate w(h).
9
Let n(j) be the first derivative of j**6/360 + 7*j**5/120 + 7*j**4/24 + 5*j**3/3 + 5. Let r(d) be the third derivative of n(d). Determine r(-7).
7
Suppose -l - 51 = 2*b, 0 = -30*b + 26*b + 5*l - 109. Let y(q) = -5*q - 127. Determine y(b).
3
Let t = 17 + -16. Let h be (0/5)/(0 - t). Let q(b) = -7 - b + 5*b - 4*b**2 + h - b**3. Calculate q(-5).
-2
Suppose -10*p + 7*p - 58 = -5*w, -70 = 5*p + 5*w. Let x(k) = -k**3 - 17*k**2 - 13*k + 38. What is x(p)?
-10
Let m(r) = -r**2 - 8*r + 12. Let o be m(-9). Let u(l) = 5 - 53*l - o + 52*l - 1. Give u(5).
-4
Let g(i) = 10 - 10*i - i**2 - 73*i + 74*i. Determine g(-11).
-12
Let t(d) = -4*d - 8. Suppose 4*c + 7 = -a + 3, -3*a - 7*c - 7 = 0. Calculate t(a).
-8
Let x(p) = p - 1. Let a(m) = -2*m**2 + 1. Let q be a(-1). Let n(t) = -37*t - 24 - 47*t + 1 + 89*t + 0. Let h(w) = q*n(w) + 6*x(w). What is h(-7)?
10
Let r(b) = -b - 3. Let p(g) = 4*g - 10. Let m(f) = 10*f - 22. Let v(u) = 3*m(u) - 7*p(u). Let z be (-1 + 3)/(2/5). Let j(q) = z*v(q) + 6*r(q). Give j(-2).
-6
Let j(v) = -v - 2. Let g(o) = 3*o + 9. Let n(r) = g(r) + 2*j(r). Let m = 2 + -7. What is n(m)?
0
Let h(f) = f**3 + 9*f**2 - 6*f + 42. Let l be h(-10). Let a(w) = -158 + 157 + 14*w**2 - 7*w**l. Determine a(-2).
27
Let q(j) = -j**2 - 4*j - 2. Let y be 3/(-1) + (-7)/((-21)/6). Calculate q(y).
1
Let f(v) = -12*v**2 - 5*v + 36*v**2 + 1 + 1 - v**3 - 20*v**2. Determine f(3).
-4
Let p = 15 + -21. Let l be ((-6)/9)/((-1)/p). Let y(a) = a + 4. Calculate y(l).
0
Let c(o) = 2*o**3 - 9*o**2 - 4*o - 2. Suppose 32*l = 30*l + 10. Give c(l).
3
Let k(q) = -6*q + 9. Let p(w) be the first derivative of 5*w**2/2 - 8*w + 7. Let n(y) = 3*k(y) + 4*p(y). Let s = -5 + 11. Calculate n(s).
7
Let y(r) be the first derivative of -r**2/2 - 126. Calculate y(7).
-7
Let v(d) = -200 - 202 + 600 - 203 + d. Suppose i + h = -4*h - 15, 0 = i + h + 3. Calculate v(i).
-5
Let h(j) = j**3 + 5*j**2 + 7*j + 4. Let o(l) = -l**3 + 17*l**2 + l - 21. Let s be o(17). What is h(s)?
-8
Let d(r) = r**2 + 1. Let l(f) be the first derivative of -11*f - 1/3*f**3 + 4*f**2 - 14. Let h be l(6). Calculate d(h).
2
Let s(n) = -2*n - 7. Let d be (-6)/((12/21)/(6/7)). Calculate s(d).
11
Suppose -98*y = 5 + 387. Let d(f) = 2*f**2 + f + 7. Give d(y).
35
Let k(c) = c**3 + c**2 + 2*c + 1. Suppose -26*m = -35*m + 27. Determine k(m).
43
Suppose -2*x = -m - 6, 18 = -4*m + 4*x + x. Let y be -1 + 0 + (0 - m). Let c(s) = 2*s**3 + 2 - 3*s**3 + y - 4*s**2. Give c(-4).
3
Suppose 2*j = w + 18, 2*j = j + 4*w + 16. Suppose -4*n = -j + 4. Let c(s) = 4*s**3 + s**2 - 2*s + 1. Give c(n).
4
Suppose -2*d - 3*y - 25 = 3*d, -5 = d + 3*y. Let g(m) be the first derivative of -4 + 1/3*m**3 - 7*m + 5/2*m**2. What is g(d)?
-7
Let z(i) = -i**3 - 10*i**2 - 10*i + 6. Suppose -3*k = -2*q - 35, -3*k - q + 37 = -2*q. Suppose k + 14 = -3*d. Give z(d).
15
Let l(n) = -n**3 + 6*n**2 - 6*n + 2. Let y be 46/(-230) + 42/10. Determine l(y).
10
Let s = 9 + -7. Let f(t) = -t**2 + s*t - 1 - 5*t - t. Calculate f(-5).
-6
Suppose -4*t - t + 13 = 3*y, -4*t - 2*y = -10. Let h(l) = l**2 - l. Give h(t).
2
Let h(a) = 3*a**3 + 11*a**2 - 2*a + 3. Let u(k) = k**3 + k**2 + k. Let w(i) = -h(i) + 4*u(i). What is w(6)?
-3
Let b(f) = -2*f**3 + 10*f**2 - 7*f - 14. Let s(u) = -6*u**3 + 31*u**2 - 21*u - 36. Let d(y) = -8*b(y) + 3*s(y). Determine d(6).
-2
Let m(i) = -8 + 9*i**2 + 2*i**2 - 10*i**2 - i. What is m(0)?
-8
Let d(c) be the first derivative of -c**4/4 + 4*c**3/3 + 5*c**2/2 + c + 568. Give d(5).
1
Let h(b) = -b**3 + 4*b**2 + 4. Suppose 5*f + 2*v - 118 = f, 3*f + 4*v = 96. Suppose q + f = 8*q. Give h(q).
4
Let a(f) = f - 7. Let c = 182 + -174. Give a(c).
1
Let n(b) be the second derivative of b + 0*b**2 + 0 + 0*b**4 + 3/2*b**3 - 1/15*b**